on factor of 8 and 376.
8
What is the greatest common divisor of 340 and 136?
68
What is the greatest common factor of 1287 and 330?
33
What is the greatest common factor of 100 and 16?
4
What is the highest common divisor of 43 and 1419?
43
What is the greatest common factor of 15 and 222?
3
What is the highest common divisor of 176 and 11?
11
What is the greatest common factor of 495 and 261?
9
Calculate the greatest common factor of 512 and 16.
16
What is the greatest common factor of 1414 and 14?
14
What is the greatest common divisor of 1731 and 27?
3
What is the greatest common divisor of 5 and 5450?
5
Calculate the highest common factor of 11 and 4169.
11
Calculate the highest common factor of 108 and 16.
4
Calculate the greatest common divisor of 42 and 18.
6
Calculate the highest common divisor of 238 and 1547.
119
Calculate the highest common factor of 11 and 5467.
11
Calculate the greatest common divisor of 28 and 1148.
28
What is the greatest common divisor of 180 and 160?
20
Calculate the highest common factor of 30 and 468.
6
Calculate the highest common factor of 8289 and 54.
27
What is the greatest common divisor of 3195 and 45?
45
What is the highest common factor of 110 and 55?
55
Calculate the highest common divisor of 18653 and 23.
23
What is the highest common factor of 1672 and 2717?
209
Calculate the highest common divisor of 102 and 1054.
34
What is the highest common divisor of 328 and 72?
8
What is the highest common divisor of 51 and 102?
51
Calculate the highest common divisor of 58 and 464.
58
Calculate the greatest common divisor of 2668 and 116.
116
What is the highest common factor of 483 and 207?
69
Calculate the greatest common divisor of 28 and 2905.
7
What is the highest common divisor of 40 and 15?
5
Calculate the greatest common divisor of 84 and 1652.
28
What is the highest common factor of 70 and 49?
7
Calculate the greatest common divisor of 36 and 180.
36
What is the greatest common divisor of 261 and 29?
29
What is the highest common factor of 1176 and 8?
8
Calculate the highest common factor of 7560 and 300.
60
Calculate the greatest common divisor of 108 and 333.
9
Calculate the highest common divisor of 168 and 8358.
42
What is the highest common divisor of 217 and 341?
31
Calculate the highest common factor of 351 and 27.
27
Calculate the highest common divisor of 1073 and 74.
37
Calculate the greatest common divisor of 1026 and 1458.
54
What is the highest common factor of 207 and 552?
69
Calculate the highest common factor of 58 and 9106.
58
What is the greatest common divisor of 343 and 539?
49
What is the greatest common divisor of 1513 and 267?
89
Calculate the highest common factor of 926 and 10.
2
What is the highest common factor of 47865 and 30?
15
What is the highest common factor of 118 and 2?
2
What is the greatest common divisor of 258 and 645?
129
Calculate the highest common divisor of 153 and 1343.
17
Calculate the highest common factor of 43 and 50.
1
What is the highest common divisor of 1817 and 316?
79
Calculate the greatest common divisor of 91 and 7.
7
Calculate the highest common divisor of 480 and 45.
15
Calculate the highest common factor of 541 and 1.
1
Calculate the highest common factor of 188 and 44744.
188
What is the greatest common factor of 9 and 8?
1
Calculate the greatest common factor of 19 and 27569.
19
Calculate the highest common factor of 228 and 3116.
76
Calculate the greatest common factor of 7622 and 111.
37
What is the highest common factor of 52 and 494?
26
Calculate the greatest common divisor of 450 and 72.
18
Calculate the highest common factor of 120 and 208.
8
Calculate the greatest common divisor of 9856 and 768.
128
Calculate the greatest common factor of 840 and 36.
12
Calculate the greatest common factor of 51 and 2108.
17
What is the highest common factor of 230 and 15?
5
What is the highest common divisor of 93 and 6231?
93
Calculate the greatest common factor of 6 and 7206.
6
What is the highest common factor of 469 and 14?
7
Calculate the greatest common factor of 49 and 1813.
49
What is the greatest common divisor of 8 and 70456?
8
What is the highest common divisor of 2353 and 13?
13
What is the highest common divisor of 24 and 324?
12
What is the greatest common factor of 26 and 3107?
13
What is the highest common divisor of 24 and 13422?
6
Calculate the highest common factor of 88 and 3938.
22
What is the greatest common divisor of 66 and 14?
2
What is the highest common factor of 42 and 2478?
42
Calculate the highest common divisor of 5 and 1045.
5
Calculate the greatest common factor of 4450 and 150.
50
Calculate the greatest common factor of 14 and 134.
2
Calculate the highest common divisor of 852 and 781.
71
Calculate the greatest common divisor of 610 and 732.
122
Calculate the greatest common factor of 1425 and 30.
15
Calculate the highest common factor of 3192 and 192.
24
What is the highest common divisor of 18 and 26?
2
What is the highest common factor of 139 and 27383?
139
Calculate the greatest common factor of 21 and 23793.
21
Calculate the greatest common divisor of 788 and 8865.
197
Calculate the highest common divisor of 380 and 300.
20
Calculate the highest common divisor of 1702 and 1406.
74
Calculate the highest common factor of 30 and 2430.
30
What is the greatest common factor of 9 and 1773?
9
What is the greatest common divisor of 243 and 324?
81
Calculate the greatest common divisor of 3400 and 204.
68
Calculate the highest common divisor of 154 and 70.
14
Calculate the greatest common divisor of 60 and 150.
30
What is the greatest common factor of 432 and 112?
16
Calculate the highest common factor of 475 and 1615.
95
What is the highest common factor of 232 and 87?
29
What is the greatest common factor of 7 and 7?
7
What is the highest common divisor of 56 and 5530?
14
Calculate the highest common factor of 318 and 21.
3
Calculate the greatest common divisor of 407 and 185.
37
What is the highest common divisor of 96 and 12?
12
What is the highest common factor of 8 and 9496?
8
Calculate the greatest common divisor of 352 and 8206.
22
What is the highest common divisor of 14 and 4214?
14
What is the highest common divisor of 2626 and 377?
13
Calculate the greatest common factor of 299 and 2977.
13
What is the highest common divisor of 27 and 5688?
9
Calculate the greatest common divisor of 595 and 340.
85
What is the greatest common factor of 148 and 629?
37
What is the greatest common factor of 195 and 2847?
39
What is the greatest common factor of 80 and 32?
16
What is the highest common factor of 60 and 96?
12
Calculate the highest common factor of 3762 and 594.
198
What is the highest common divisor of 528 and 594?
66
Calculate the greatest common divisor of 512 and 8.
8
What is the highest common factor of 912 and 19?
19
What is the highest common divisor of 1796 and 8?
4
What is the highest common factor of 2550 and 102?
102
What is the highest common factor of 8 and 2?
2
What is the highest common factor of 2054 and 416?
26
What is the greatest common factor of 45 and 55?
5
Calculate the highest common factor of 46 and 6854.
46
What is the highest common factor of 308 and 28?
28
Calculate the greatest common divisor of 195 and 1820.
65
What is the highest common divisor of 702 and 1314?
18
Calculate the highest common factor of 93 and 3.
3
Calculate the highest common divisor of 37703 and 74.
37
What is the highest common factor of 140 and 385?
35
What is the highest common divisor of 220 and 2090?
110
What is the highest common factor of 975 and 2340?
195
Calculate the greatest common divisor of 2730 and 3990.
210
What is the highest common factor of 150 and 390?
30
What is the greatest common divisor of 74 and 333?
37
What is the greatest common divisor of 21520 and 32?
16
Calculate the greatest common divisor of 3987 and 9.
9
Calculate the greatest common divisor of 2567 and 68.
17
What is the greatest common divisor of 2 and 50?
2
Calculate the highest common divisor of 17051 and 59.
59
What is the highest common divisor of 65 and 245?
5
What is the greatest common divisor of 11 and 11?
11
Calculate the greatest common factor of 2097 and 9.
9
What is the highest common factor of 4264 and 156?
52